 8*i. Suppose 6 = i*o - 3*o. Let g(k) = -k**3 - 6*k**2 - 1. Determine g(o).
-1
Suppose -2*g + 3*n = 2*g - 21, g = 5*n + 1. Let w(l) be the first derivative of l**4/4 - 7*l**3/3 + 5*l**2/2 + l - 20. What is w(g)?
-5
Let y(l) = -11*l**3 - l**2 - l + 1. Suppose -4*v - 27 = -31*v. What is y(v)?
-12
Let u(m) = m**2 - m + 1. Let r be (-2)/((72/15)/12). Determine u(r).
31
Let q be (-37)/(-7) - (-8)/(-28). Let g = q + -9. Let w(f) = -2*f - 5. Determine w(g).
3
Suppose 4*d = 4, n - 1 - 2 = -d. Let p(z) = 22*z**2 + 29*z**n - 53*z**2 + 2 + 3*z. Calculate p(3).
-7
Let n(t) = 6*t + 6*t + t**2 - 10*t - 5 + 9*t. Let w be n(-12). Let c(k) = -2*k + 10. Give c(w).
-4
Let y(q) = 5*q**2 + 5*q - 10. Let n(b) = b**2 - 1. Let i(c) = 6*n(c) - y(c). Let w(f) = -f**2 + 5*f + 5. Let s be w(5). Determine i(s).
4
Suppose 0*s + s = z - 4, -z - s = 0. Let c(x) = x**2 + 9*x + 2. Let m be c(-9). Let h(r) = 7 + r + m*r - 15 - r**2 + 9. Give h(z).
3
Let u(s) = 6*s + 14. Let n be u(-4). Let l(r) = r + 10. Let w be l(n). Let y(x) = x**2 + 5*x + 18. Let f(c) = -c - 1. Let z(d) = -5*f(d) - y(d). Give z(w).
-13
Suppose 2*n + 9 = q, -5*n + 13 = 5*q - 2. Let c(v) = 53*v + 5. Let g(y) = 9*y. Let a(h) = c(h) - 6*g(h). Calculate a(q).
0
Let g(u) be the second derivative of u**4/12 - 7*u**3/6 + 3*u**2 + 65*u. Give g(6).
0
Let y(r) be the second derivative of -r**3/6 + 10*r**2 - 119*r. What is y(10)?
10
Let b(s) be the second derivative of s**6/180 + s**5/24 - 7*s**4/24 + 29*s**3/6 - 14*s. Let p(f) be the second derivative of b(f). Determine p(-5).
18
Suppose -3*j - 25 = 2*j. Let i(r) = r**3 + 5*r**2 - 1. Suppose 4*h - 28 = -0. Let t(w) = 2*w**3 + 10*w**2 + w - 1. Let k(c) = h*i(c) - 3*t(c). What is k(j)?
11
Let v(b) be the first derivative of b**3 - b**2 - 2*b - 2. Suppose 2*d - 5*t = -3 - 3, -d - 5*t = -12. Determine v(d).
6
Let o(y) = -4*y - 3. Let c(z) = -5*z**2 + 2*z + 4. Let s(v) = 4*v**2 - 3*v - 4. Let q = -9 - -5. Let b(p) = q*s(p) - 3*c(p). Let d be b(7). Determine o(d).
9
Let a(d) = d**3 - 14*d**2 + 8*d + 75. Let h be a(13). Let x(k) = k**3 - 9*k**2 - 7*k - 13. Calculate x(h).
17
Let l(j) = 2*j + 37 - 34 + j**2 + j**3 - 2*j**3. Let s(u) = -u**2 + 3*u + 1. Let n be s(2). Determine l(n).
-9
Let k(p) = p**3 + 4*p**2 - 6*p - 1. Suppose -2*v + t - 49 = 129, 4*t + 16 = 0. Let g = v - -86. Give k(g).
4
Let z(y) = -12*y + 1. Suppose 0 = -5*a - 5, 0 = 3*u + u - a - 5. Determine z(u).
-11
Let g(z) = -z**3 - z**2 - z + 2. Let s(f) = 5*f**3 - 3*f**2 + 9*f - 1. Let m(k) = -4*g(k) - s(k). What is m(5)?
18
Let r = 3 - -2. Suppose 0 = -r*q + 8*q. Suppose 0 = 6*n - 6 - q. Let w(s) = -12*s. Determine w(n).
-12
Let m(t) = t**3 - 6*t**2 + 2. Let b be (-21)/(-14)*24/9. Determine m(b).
-30
Let p(y) be the third derivative of y**6/120 - y**5/15 + 5*y**3/6 - y**2 + 223. Suppose -2*z = 3*z - 20. What is p(z)?
5
Let s(a) = -a**3 - 93*a**2 + 14*a + 3*a + 9 - 93*a**2 - 4*a + 200*a**2. Calculate s(15).
-21
Let n(b) = -b - 3. Let m = -477 + 471. Give n(m).
3
Suppose 0*x = 6*x - 48. Let t(v) = 7*v - x - 23*v + 15*v. Let z be (-44)/8 - 1/2. Give t(z).
-2
Let g(b) = -b - 7. Let s be g(-10). Suppose 0 = -t - 5*c - 13, 0 = -s*t - 3*c - 15. Let r(p) = -2*p - 4. What is r(t)?
2
Let s(a) = -1. Let c = 14 + -13. Let o(p) = 3*p - 8. Let k(j) = c*o(j) - 6*s(j). Let g(n) = n - 1. Let w(l) = -4*g(l) + k(l). What is w(2)?
0
Let d(l) = 5*l**3 + 8*l**2 - 11*l - 8. Let s(a) = 6*a**3 + 8*a**2 - 12*a - 8. Let c(p) = -7*d(p) + 6*s(p). Suppose -4*o - 13 + 41 = 0. Give c(o).
-6
Let y(o) = -o**2 - 4*o - 4. Let l = 9 + -6. Let u = 0 + l. Suppose 2*s + i + 14 = -s, u*s - i = -16. What is y(s)?
-9
Let d(l) = l**3 - 7*l**2 + 7*l - 8. Let k = 60 - 57. Suppose 4*r - 5*y = 19, -4*y - 15 = -k*r - y. What is d(r)?
-2
Let i(m) be the third derivative of -m**9/60480 + m**8/2520 - m**7/720 - m**6/720 - m**5/6 + 9*m**2. Let f(c) be the third derivative of i(c). Calculate f(7).
-1
Suppose -18*q + 32 = -5*a - 15*q, -3*a = 3*q. Let r(w) = -w**3 - 5*w**2 - 1. What is r(a)?
-17
Suppose -3*z + z = -4. Let a(p) = -z*p + 3*p - p - p - 8. Suppose -4 = f + 2*l, 4*l - 1 = -f - 9. Determine a(f).
-8
Let p(j) = 5*j**3 - 2*j**2 + 13*j - 1. Let s(x) = x**3 - x**2 + x + 1. Let t(q) = p(q) - 6*s(q). Let d be (-106)/4 - 17/(-34). Let z = -21 - d. What is t(z)?
3
Let c(x) = 5*x + 1. Suppose -2*w = -3*w - 3. Let t(m) = 2*m**2 + 5*m - 2. Let v be t(w). Let y be -2 + (v - 2 - -1). Determine c(y).
-9
Let c(h) = -h**2 + 6*h - 2. Suppose 8*j = 15 + 33. Give c(j).
-2
Let t(n) = 12*n - 3. Suppose 0 = -2*q + 118 - 114. Calculate t(q).
21
Suppose -2*l = -l - 3. Suppose 0 = l*o - 6, -3*d - o = -3*o - 11. Let g(t) = -t**3 + 5*t**2 + 6*t - 6. Determine g(d).
24
Let d(k) = -4*k**2 - 4*k - 1. Let v = 53 + -60. Let b(m) be the first derivative of 3*m**3 + 4*m**2 + 2*m + 1. Let q(f) = v*d(f) - 3*b(f). Determine q(-4).
1
Let r(a) be the third derivative of a**4/24 - 4*a**3/3 + 14*a**2. Let k be r(5). Let f(t) = -t**3 - 3*t**2 - t + 2. What is f(k)?
5
Let p(a) be the second derivative of -a**7/2520 - a**6/180 + a**5/30 + a**4/12 - 8*a. Let u(c) be the third derivative of p(c). Determine u(-4).
4
Let j(l) = -l**2 - 8*l. Suppose -2*d - 105 = -89. Determine j(d).
0
Suppose y = -1 - 6. Let q(z) = z**2 + 10*z + 10. Determine q(y).
-11
Let c(d) = -d**2 + 7*d - 1. Suppose -17*n - 11*n + 224 = 0. What is c(n)?
-9
Let h(b) = b**2 - 8*b - 2. Suppose 4 = -2*v, 2*s - 5*v = 7*s - 50. Suppose -3*g - 3 = i, 4*g = 4*i - s - 24. What is h(i)?
-14
Let k(r) = r**2 - 7. Let q(b) = b**3 - 3*b**2 - 7*b + 10. Let j be q(4). Let n be (-3 - 5/j)*0. Let y be -1*(-4)/20*n. Give k(y).
-7
Let k(s) = -s**3 - s**2 + 24. Let h be k(0). Suppose -2*d - d + h = 0. Let i(o) = 2*o - 8. Determine i(d).
8
Let i(q) = q**3 - 5*q**2 + 2 + 4 - 12 + q - 2 + 5. Give i(5).
2
Let j(k) = -9*k. Let o(r) = r + 1. Let s = -5 - -6. Let q(w) = s*j(w) + 6*o(w). Let c(t) = -t**2 - 2*t + 4. Let g be c(0). Give q(g).
-6
Suppose i - 1 - 7 = 0. Suppose -q + 0 = i. Let a(u) = -u**3 - 7*u**2 + 8*u + 4. Calculate a(q).
4
Let j(d) = 3*d + 3. Let u(r) = r**3 + 35*r**2 + 2*r + 67. Let v be u(-35). Calculate j(v).
-6
Let p = 1228 - 1220. Let j(o) = -o**2 + 6*o + 17. Determine j(p).
1
Let p(x) be the second derivative of x**4/24 - 2*x**3/3 - x**2 + 2*x. Let u(g) be the first derivative of p(g). Let w be (48 + -48)/(3*1). What is u(w)?
-4
Let t(x) = x**2 + x + 9. Suppose -3*p - 5*y + 3 = 0, 4*p + 14 = 4*y + 50. Let q be -10*(-2 + p/4). Suppose -q*j + 2*o + 9 = -o, -6 = -5*j + 2*o. Determine t(j).
9
Let p(f) = -3*f**2 - f. Let h(j) = 7*j**2 + 7*j - 5. Let x(b) = -h(b) - 3*p(b). Give x(2).
5
Suppose 2*a + s - 3 = -2*a, 6 = 2*a + 2*s. Suppose -2*f + a + 10 = 0. Let b(i) = i. Let c(m) = -3*m - 11. Let h(n) = 4*b(n) + c(n). Calculate h(f).
-6
Suppose 0 = z - 4*d - 3, 7 = -3*z - 0*z + 4*d. Let o(a) = 25*a - 27*a - 819 + 818. Calculate o(z).
9
Let b(i) = i**2 - 11*i + 18. Suppose 36 = -7*y + 11*y. Determine b(y).
0
Suppose -5*j + 14 = -s - 0, 0 = 3*s - 5*j + 22. Let u(r) be the second derivative of 7*r**3/6 + 5*r**2/2 - r + 2. What is u(s)?
-23
Let g(f) = -f**3 - 5*f**2 - 2*f - 8. Let v(p) = -6*p**3 - 5*p**2 + 0*p**3 + 3*p**3 - 5*p**2 - 2*p - 16. Let d(t) = -5*g(t) + 2*v(t). What is d(6)?
8
Let u(i) = -5*i - 1. Let c(m) = 2*m. Let y(p) = -2*c(p) - u(p). Suppose -5*d + 16 - 2 = 4*k, 0 = 3*k + 4*d - 11. Let g = k - -2. Give y(g).
4
Let k be 3/(-6)*(-1 - 115). Let c = -60 + k. Let d(a) = 10*a + 3. Give d(c).
-17
Let t(j) = -3. Let h(p) = 4*p + 32. Let f(n) = h(n) + 10*t(n). Suppose 4*s = -5*o + 41 - 9, -5*s + 23 = 2*o. Calculate f(s).
14
Suppose 0*d - 5*d = -5*s - 5, -3*d + 27 = 5*s. Let o(r) = 1828*r - 1 - 3646*r - 1 + 1820*r. Give o(s).
4
Let q(n) = n**3 + 4*n**2 - 2*n + 7. Let r(o) = 2*o**3 + 8*o**2 - 3*o + 16. Let k(z) = 5*q(z) - 2*r(z). What is k(-5)?
-2
Let p(f) = f**3 + f - 6. Suppose -y - 3*y = 0. Let t = 6 + 1. Suppose y = -3*q + t*q. Calculate p(q).
-6
Suppose -44*v = -253 - 187. Let u(d) = 2*d**2 - 19*d - 5. Give u(v).
5
Let u be (-1064)/(-16) - (1 + (-2)/4). Let o(n) = -7*n + u - 34 - 33. Determine o(2).
-15
Let r(m) = -m**3 - 2*m**2. Let h(a) = -a**3 - 2*a**2 - 1. Let b(s) = -4*h(s) + 3*r(s). Let d = 176 + -205. Let j = d + 26. Give b(j).
-5
Let b(q) be the third derivative of 3*q**2 + 1/2*q**3 + 3/8*q**4 + 0*q + 0 + 1/60*q**5. Determine b(